{"id":15402,"date":"2020-01-22T10:35:31","date_gmt":"2020-01-22T09:35:31","guid":{"rendered":"https:\/\/www.lucasfroeserealestate.com\/immobilien-mallorca-inselweit\/"},"modified":"2026-01-11T23:10:20","modified_gmt":"2026-01-11T22:10:20","slug":"immobilien-mallorca-inselweit","status":"publish","type":"page","link":"https:\/\/www.lucasfroeserealestate.com\/es\/immobilien-mallorca-inselweit\/","title":{"rendered":"Inmuebles en otras zonas"},"content":{"rendered":"\t\t<div data-elementor-type=\"wp-page\" data-elementor-id=\"15402\" class=\"elementor elementor-15402 elementor-13372\" data-elementor-post-type=\"page\">\n\t\t\t\t\t\t<section class=\"elementor-section elementor-top-section elementor-element elementor-element-985fafc elementor-section-boxed elementor-section-height-default elementor-section-height-default\" data-id=\"985fafc\" data-element_type=\"section\" data-e-type=\"section\">\n\t\t\t\t\t\t<div class=\"elementor-container elementor-column-gap-default\">\n\t\t\t\t\t<div class=\"elementor-column elementor-col-33 elementor-top-column elementor-element elementor-element-d095f50\" data-id=\"d095f50\" data-element_type=\"column\" data-e-type=\"column\">\n\t\t\t<div class=\"elementor-widget-wrap elementor-element-populated\">\n\t\t\t\t\t\t<div class=\"elementor-element elementor-element-6bb8e8f elementor-widget elementor-widget-html\" data-id=\"6bb8e8f\" data-element_type=\"widget\" data-e-type=\"widget\" data-widget_type=\"html.default\">\n\t\t\t\t<div class=\"elementor-widget-container\">\n\t\t\t\t\t<iframe src=\"https:\/\/www.google.com\/maps\/embed?pb=!1m18!1m12!1m3!1d786859.1117679192!2d2.3512148498450722!3d39.612151615705116!2m3!1f0!2f0!3f0!3m2!1i1024!2i768!4f13.1!3m3!1m2!1s0x1297b8766606c129%3A0xb7eb9bff02d2ecc0!2sMallorca!5e0!3m2!1ses!2ses!4v1579685770080!5m2!1ses!2ses\" width=\"600\" height=\"450\" frameborder=\"0\" style=\"border:0;\" allowfullscreen=\"\"><\/iframe>\t\t\t\t<\/div>\n\t\t\t\t<\/div>\n\t\t\t\t\t<\/div>\n\t\t<\/div>\n\t\t\t\t<div class=\"elementor-column elementor-col-66 elementor-top-column elementor-element elementor-element-c4aaa71\" data-id=\"c4aaa71\" data-element_type=\"column\" data-e-type=\"column\">\n\t\t\t<div class=\"elementor-widget-wrap elementor-element-populated\">\n\t\t\t\t\t\t<div class=\"elementor-element elementor-element-9aa73bb elementor-widget elementor-widget-heading\" data-id=\"9aa73bb\" data-element_type=\"widget\" data-e-type=\"widget\" data-widget_type=\"heading.default\">\n\t\t\t\t<div class=\"elementor-widget-container\">\n\t\t\t\t\t<h2 class=\"elementor-heading-title elementor-size-large\">Inmuebles por toda la isla<\/h2>\t\t\t\t<\/div>\n\t\t\t\t<\/div>\n\t\t\t\t<div class=\"elementor-element elementor-element-3bf1312 elementor-widget elementor-widget-text-editor\" data-id=\"3bf1312\" data-element_type=\"widget\" data-e-type=\"widget\" data-widget_type=\"text-editor.default\">\n\t\t\t\t<div class=\"elementor-widget-container\">\n\t\t\t\t\t\t\t\t\t<p>Una lista de nuestras propiedades exclusivas Insel Weit en Mallorca. Si est\u00e1 buscando un \u00e1rea espec\u00edfica en la que no nos especializamos, cont\u00e1ctenos. \u00a1Lo acompa\u00f1amos en su b\u00fasqueda de propiedades junto con uno de nuestros socios, que hemos extendido por Mallorca!<\/p>\t\t\t\t\t\t\t\t<\/div>\n\t\t\t\t<\/div>\n\t\t\t\t<div class=\"elementor-element elementor-element-48b32b0 elementor-widget elementor-widget-image\" data-id=\"48b32b0\" data-element_type=\"widget\" data-e-type=\"widget\" data-widget_type=\"image.default\">\n\t\t\t\t<div class=\"elementor-widget-container\">\n\t\t\t\t\t\t\t\t\t\t\t\t\t\t\t<img fetchpriority=\"high\" decoding=\"async\" loading=\"eager\" width=\"300\" height=\"200\" src=\"https:\/\/www.lucasfroeserealestate.com\/wp-content\/uploads\/2020\/01\/calo-des-moro-strand-mallorca-300x200.jpg\" class=\"attachment-medium size-medium wp-image-13377\" alt=\"Calo d&#039;es Moro Strand Mallorca\" srcset=\"https:\/\/www.lucasfroeserealestate.com\/wp-content\/uploads\/2020\/01\/calo-des-moro-strand-mallorca-300x200.jpg 300w, https:\/\/www.lucasfroeserealestate.com\/wp-content\/uploads\/2020\/01\/calo-des-moro-strand-mallorca-150x100.jpg 150w, https:\/\/www.lucasfroeserealestate.com\/wp-content\/uploads\/2020\/01\/calo-des-moro-strand-mallorca-488x326.jpg 488w, https:\/\/www.lucasfroeserealestate.com\/wp-content\/uploads\/2020\/01\/calo-des-moro-strand-mallorca.jpg 640w\" sizes=\"(max-width: 300px) 100vw, 300px\" title=\"\">\t\t\t\t\t\t\t\t\t\t\t\t\t\t\t<\/div>\n\t\t\t\t<\/div>\n\t\t\t\t\t<\/div>\n\t\t<\/div>\n\t\t\t\t\t<\/div>\n\t\t<\/section>\n\t\t\t\t<\/div>\n\t\t","protected":false},"excerpt":{"rendered":"<p>Inmuebles por toda la isla Una lista de nuestras propiedades exclusivas Insel Weit en Mallorca. Si est\u00e1 buscando un \u00e1rea espec\u00edfica en la que no nos especializamos, cont\u00e1ctenos. \u00a1Lo acompa\u00f1amos en su b\u00fasqueda de propiedades junto con uno de nuestros socios, que hemos extendido por Mallorca!<\/p>\n","protected":false},"author":1,"featured_media":0,"parent":0,"menu_order":0,"comment_status":"closed","ping_status":"closed","template":"templates\/properties.php","meta":{"footnotes":""},"class_list":["post-15402","page","type-page","status-publish","hentry"],"_links":{"self":[{"href":"https:\/\/www.lucasfroeserealestate.com\/es\/wp-json\/wp\/v2\/pages\/15402","targetHints":{"allow":["GET"]}}],"collection":[{"href":"https:\/\/www.lucasfroeserealestate.com\/es\/wp-json\/wp\/v2\/pages"}],"about":[{"href":"https:\/\/www.lucasfroeserealestate.com\/es\/wp-json\/wp\/v2\/types\/page"}],"author":[{"embeddable":true,"href":"https:\/\/www.lucasfroeserealestate.com\/es\/wp-json\/wp\/v2\/users\/1"}],"replies":[{"embeddable":true,"href":"https:\/\/www.lucasfroeserealestate.com\/es\/wp-json\/wp\/v2\/comments?post=15402"}],"version-history":[{"count":1,"href":"https:\/\/www.lucasfroeserealestate.com\/es\/wp-json\/wp\/v2\/pages\/15402\/revisions"}],"predecessor-version":[{"id":79803,"href":"https:\/\/www.lucasfroeserealestate.com\/es\/wp-json\/wp\/v2\/pages\/15402\/revisions\/79803"}],"wp:attachment":[{"href":"https:\/\/www.lucasfroeserealestate.com\/es\/wp-json\/wp\/v2\/media?parent=15402"}],"curies":[{"name":"wp","href":"https:\/\/api.w.org\/{rel}","templated":true}]}}

<div data-elementor-type="wp-page" data-elementor-id="15402" class="elementor elementor-15402 elementor-13372" data-elementor-post-type="page">
						<section class="elementor-section elementor-top-section elementor-element elementor-element-985fafc elementor-section-boxed elementor-section-height-default elementor-section-height-default" data-id="985fafc" data-element_type="section" data-e-type="section">
						<div class="elementor-container elementor-column-gap-default">
					<div class="elementor-column elementor-col-33 elementor-top-column elementor-element elementor-element-d095f50" data-id="d095f50" data-element_type="column" data-e-type="column">
			<div class="elementor-widget-wrap elementor-element-populated">
						<div class="elementor-element elementor-element-6bb8e8f elementor-widget elementor-widget-html" data-id="6bb8e8f" data-element_type="widget" data-e-type="widget" data-widget_type="html.default">
				<div class="elementor-widget-container">
					<iframe src="https://www.google.com/maps/embed?pb=!1m18!1m12!1m3!1d786859.1117679192!2d2.3512148498450722!3d39.612151615705116!2m3!1f0!2f0!3f0!3m2!1i1024!2i768!4f13.1!3m3!1m2!1s0x1297b8766606c129%3A0xb7eb9bff02d2ecc0!2sMallorca!5e0!3m2!1ses!2ses!4v1579685770080!5m2!1ses!2ses" width="600" height="450" frameborder="0" style="border:0;" allowfullscreen=""></iframe>				</div>
				</div>
					</div>
		</div>
				<div class="elementor-column elementor-col-66 elementor-top-column elementor-element elementor-element-c4aaa71" data-id="c4aaa71" data-element_type="column" data-e-type="column">
			<div class="elementor-widget-wrap elementor-element-populated">
						<div class="elementor-element elementor-element-9aa73bb elementor-widget elementor-widget-heading" data-id="9aa73bb" data-element_type="widget" data-e-type="widget" data-widget_type="heading.default">
				<div class="elementor-widget-container">
					<h2 class="elementor-heading-title elementor-size-large">Inmuebles por toda la isla</h2>				</div>
				</div>
				<div class="elementor-element elementor-element-3bf1312 elementor-widget elementor-widget-text-editor" data-id="3bf1312" data-element_type="widget" data-e-type="widget" data-widget_type="text-editor.default">
				<div class="elementor-widget-container">
									<p>Una lista de nuestras propiedades exclusivas Insel Weit en Mallorca. Si está buscando un área específica en la que no nos especializamos, contáctenos. ¡Lo acompañamos en su búsqueda de propiedades junto con uno de nuestros socios, que hemos extendido por Mallorca!</p>								</div>
				</div>
				<div class="elementor-element elementor-element-48b32b0 elementor-widget elementor-widget-image" data-id="48b32b0" data-element_type="widget" data-e-type="widget" data-widget_type="image.default">
				<div class="elementor-widget-container">
															<img fetchpriority="high" decoding="async" loading="eager" width="300" height="200" src="https://www.lucasfroeserealestate.com/wp-content/uploads/2020/01/calo-des-moro-strand-mallorca-300x200.jpg" class="attachment-medium size-medium wp-image-13377" alt="Calo d&#039;es Moro Strand Mallorca" srcset="https://www.lucasfroeserealestate.com/wp-content/uploads/2020/01/calo-des-moro-strand-mallorca-300x200.jpg 300w, https://www.lucasfroeserealestate.com/wp-content/uploads/2020/01/calo-des-moro-strand-mallorca-150x100.jpg 150w, https://www.lucasfroeserealestate.com/wp-content/uploads/2020/01/calo-des-moro-strand-mallorca-488x326.jpg 488w, https://www.lucasfroeserealestate.com/wp-content/uploads/2020/01/calo-des-moro-strand-mallorca.jpg 640w" sizes="(max-width: 300px) 100vw, 300px" title="">															</div>
				</div>
					</div>
		</div>
					</div>
		</section>
				</div>

<p>Inmuebles por toda la isla Una lista de nuestras propiedades exclusivas Insel Weit en Mallorca. Si está buscando un área específica en la que no nos especializamos, contáctenos. ¡Lo acompañamos en su búsqueda de propiedades junto con uno de nuestros socios, que hemos extendido por Mallorca!</p>
