{"id":14643,"date":"2020-01-19T17:00:04","date_gmt":"2020-01-19T16:00:04","guid":{"rendered":"https:\/\/www.lucasfroeserealestate.com\/immobilien-in-cas-concos\/"},"modified":"2026-01-07T00:33:22","modified_gmt":"2026-01-06T23:33:22","slug":"immobilien-in-cas-concos","status":"publish","type":"page","link":"https:\/\/www.lucasfroeserealestate.com\/es\/immobilien-in-cas-concos\/","title":{"rendered":"Inmuebles en Cas Concos"},"content":{"rendered":"\t\t<div data-elementor-type=\"wp-page\" data-elementor-id=\"14643\" class=\"elementor elementor-14643 elementor-13154\" data-elementor-post-type=\"page\">\n\t\t\t\t\t\t<section class=\"elementor-section elementor-top-section elementor-element elementor-element-c9c1007 elementor-section-boxed elementor-section-height-default elementor-section-height-default\" data-id=\"c9c1007\" data-element_type=\"section\" data-e-type=\"section\">\n\t\t\t\t\t\t<div class=\"elementor-container elementor-column-gap-default\">\n\t\t\t\t\t<div class=\"elementor-column elementor-col-100 elementor-top-column elementor-element elementor-element-33f7f74\" data-id=\"33f7f74\" data-element_type=\"column\" data-e-type=\"column\">\n\t\t\t<div class=\"elementor-widget-wrap elementor-element-populated\">\n\t\t\t\t\t\t<div class=\"elementor-element elementor-element-a40e82b elementor-widget elementor-widget-text-editor\" data-id=\"a40e82b\" data-element_type=\"widget\" data-e-type=\"widget\" data-widget_type=\"text-editor.default\">\n\t\t\t\t<div class=\"elementor-widget-container\">\n\t\t\t\t\t\t\t\t\t<h1>CASCOS INMOBILIARIOS<\/h1><p class=\"p3\"><span class=\"s1\">Lejos <strong>del turismo de masas, en el sureste de<\/strong> Mallorca, el peque\u00f1o y pintoresco pueblo de Cas Concos, de unos 870 habitantes, est\u00e1 enclavado en un paisaje natural de verdes colinas. Las rom\u00e1nticas bah\u00edas y playas de las inmediaciones te tientan a quedarte a so\u00f1ar. Los amables aldeanos y<span class=\"Apple-converted-space\">  <\/span>Los propietarios de las fincas de los alrededores se re\u00fanen en bares y restaurantes para disfrutar de delicias culinarias, hacer sus compras diarias y charlar. El pueblo de Felanitx, con mercado, muchos bares y tiendas, est\u00e1 a 10 minutos, el campo de golf Vall d&#8217;Or o el puerto deportivo de Cala D&#8217;Or y el aeropuerto o la capital de la isla, Palma, se encuentran a unos 40 minutos.<\/span><\/p><h3>Cerca del mar: un placer para todos los sentidos<\/h3><p>La proximidad al mar hace especialmente atractivo Cas Concos, donde puedes sentir literalmente el estilo de vida mediterr\u00e1neo a cada paso. A s\u00f3lo 15-20 minutos hay peque\u00f1os puertos como Cala Figuera, donde coloridas barcas de pesca se mecen en suaves olas y el pescado fresco llega directamente del c\u00fater a tu plato. Hay numerosas bah\u00edas alrededor de Cas Concos, desde v\u00edrgenes y tranquilas hasta animadas y concurridas.  <\/p>\t\t\t\t\t\t\t\t<\/div>\n\t\t\t\t<\/div>\n\t\t\t\t<section class=\"elementor-section elementor-inner-section elementor-element elementor-element-2fd7419 elementor-section-boxed elementor-section-height-default elementor-section-height-default\" data-id=\"2fd7419\" data-element_type=\"section\" data-e-type=\"section\">\n\t\t\t\t\t\t<div class=\"elementor-container elementor-column-gap-default\">\n\t\t\t\t\t<div class=\"elementor-column elementor-col-50 elementor-inner-column elementor-element elementor-element-045c4be\" data-id=\"045c4be\" data-element_type=\"column\" data-e-type=\"column\">\n\t\t\t<div class=\"elementor-widget-wrap elementor-element-populated\">\n\t\t\t\t\t\t<div class=\"elementor-element elementor-element-622b1be elementor-widget elementor-widget-heading\" data-id=\"622b1be\" data-element_type=\"widget\" data-e-type=\"widget\" data-widget_type=\"heading.default\">\n\t\t\t\t<div class=\"elementor-widget-container\">\n\t\t\t\t\t<h2 class=\"elementor-heading-title elementor-size-default\">La \"Colina de Hamburgo<\/h2>\t\t\t\t<\/div>\n\t\t\t\t<\/div>\n\t\t\t\t<div class=\"elementor-element elementor-element-f868cd0 elementor-widget elementor-widget-text-editor\" data-id=\"f868cd0\" data-element_type=\"widget\" data-e-type=\"widget\" data-widget_type=\"text-editor.default\">\n\t\t\t\t<div class=\"elementor-widget-container\">\n\t\t\t\t\t\t\t\t\t<p>La llamada \u00abColina de la Hamburguesa\u00bb se form\u00f3 hace muchos a\u00f1os, con un asentamiento de grandes fincas de lujo entre Cas Concos, Alquer\u00eda Blanca y Es Carritxo. Este crecimiento de la demanda de fincas de lujo en la zona ha impulsado el mercado de Cas Concos en particular, y tambi\u00e9n ha beneficiado a la econom\u00eda y al sector de la restauraci\u00f3n.<\/p>\t\t\t\t\t\t\t\t<\/div>\n\t\t\t\t<\/div>\n\t\t\t\t<div class=\"elementor-element elementor-element-1a7fd0e elementor-widget elementor-widget-heading\" data-id=\"1a7fd0e\" data-element_type=\"widget\" data-e-type=\"widget\" data-widget_type=\"heading.default\">\n\t\t\t\t<div class=\"elementor-widget-container\">\n\t\t\t\t\t<h2 class=\"elementor-heading-title elementor-size-default\">Comprar una finca en Cas Concos<\/h2>\t\t\t\t<\/div>\n\t\t\t\t<\/div>\n\t\t\t\t<div class=\"elementor-element elementor-element-3fd3b24 elementor-widget elementor-widget-text-editor\" data-id=\"3fd3b24\" data-element_type=\"widget\" data-e-type=\"widget\" data-widget_type=\"text-editor.default\">\n\t\t\t\t<div class=\"elementor-widget-container\">\n\t\t\t\t\t\t\t\t\t<p>Las fincas son especialmente populares en esta zona debido a la ya mencionada \u00abColina de Hamburgo\u00bb, que ofrece muchas hermosas fincas antiguas renovadas y modernas de nueva construcci\u00f3n.<\/p>\t\t\t\t\t\t\t\t<\/div>\n\t\t\t\t<\/div>\n\t\t\t\t\t<\/div>\n\t\t<\/div>\n\t\t\t\t<div class=\"elementor-column elementor-col-50 elementor-inner-column elementor-element elementor-element-6300fd4\" data-id=\"6300fd4\" data-element_type=\"column\" data-e-type=\"column\">\n\t\t\t<div class=\"elementor-widget-wrap elementor-element-populated\">\n\t\t\t\t\t\t<div class=\"elementor-element elementor-element-fb338cc elementor-widget elementor-widget-heading\" data-id=\"fb338cc\" data-element_type=\"widget\" data-e-type=\"widget\" data-widget_type=\"heading.default\">\n\t\t\t\t<div class=\"elementor-widget-container\">\n\t\t\t\t\t<h3 class=\"elementor-heading-title elementor-size-default\">La historia de Cas Concos<\/h3>\t\t\t\t<\/div>\n\t\t\t\t<\/div>\n\t\t\t\t<div class=\"elementor-element elementor-element-4547c70 elementor-widget elementor-widget-text-editor\" data-id=\"4547c70\" data-element_type=\"widget\" data-e-type=\"widget\" data-widget_type=\"text-editor.default\">\n\t\t\t\t<div class=\"elementor-widget-container\">\n\t\t\t\t\t\t\t\t\t<p>La comarca y su nombre tienen su origen en una \u00abPosesi\u00f3n\u00bb (gran finca mallorquina) de la familia Obrador Conco en el siglo XVI. Las primeras casas se construyeron a su alrededor en 1722, y la iglesia en 1867.<\/p>\t\t\t\t\t\t\t\t<\/div>\n\t\t\t\t<\/div>\n\t\t\t\t<div class=\"elementor-element elementor-element-293fceb elementor-widget elementor-widget-heading\" data-id=\"293fceb\" data-element_type=\"widget\" data-e-type=\"widget\" data-widget_type=\"heading.default\">\n\t\t\t\t<div class=\"elementor-widget-container\">\n\t\t\t\t\t<h2 class=\"elementor-heading-title elementor-size-default\">Comprar propiedad en Cas Concos<\/h2>\t\t\t\t<\/div>\n\t\t\t\t<\/div>\n\t\t\t\t<div class=\"elementor-element elementor-element-074b18a elementor-widget elementor-widget-text-editor\" data-id=\"074b18a\" data-element_type=\"widget\" data-e-type=\"widget\" data-widget_type=\"text-editor.default\">\n\t\t\t\t<div class=\"elementor-widget-container\">\n\t\t\t\t\t\t\t\t\t<p>Si buscas la finca o propiedad de tus sue\u00f1os en Cas Concos, estaremos encantados de ayudarte. Estamos bien integrados en la escena mallorquina y tenemos <strong>una o dos ofertas fuera de<\/strong> mercado que de otro modo no se encontrar\u00edan en el mercado inmobiliario de Mallorca.  <\/p><p><strong>Lucas Froese Real<\/strong> Estate te ayuda con la compra de tu casa en Mallorca, \u00a1con un <strong>equipo multiling\u00fce, profesional y din\u00e1mico!<\/strong><\/p>\t\t\t\t\t\t\t\t<\/div>\n\t\t\t\t<\/div>\n\t\t\t\t\t<\/div>\n\t\t<\/div>\n\t\t\t\t\t<\/div>\n\t\t<\/section>\n\t\t\t\t<div class=\"elementor-element elementor-element-1469483 elementor-widget elementor-widget-html\" data-id=\"1469483\" data-element_type=\"widget\" data-e-type=\"widget\" data-widget_type=\"html.default\">\n\t\t\t\t<div class=\"elementor-widget-container\">\n\t\t\t\t\t<iframe src=\"https:\/\/www.google.com\/maps\/embed?pb=!1m18!1m12!1m3!1d98632.91192718358!2d3.0676772452932637!3d39.41782637360446!2m3!1f0!2f0!3f0!3m2!1i1024!2i768!4f13.1!3m3!1m2!1s0x129652f602c1fe0d%3A0x824ce0e14c9b8dc0!2s07208%20Cas%20Concos%20des%20Cavaller%2C%20Islas%20Baleares!5e0!3m2!1ses!2ses!4v1583483586243!5m2!1ses!2ses\" width=\"600\" height=\"250\" frameborder=\"0\" style=\"border:0;\" allowfullscreen=\"\"><\/iframe>\t\t\t\t<\/div>\n\t\t\t\t<\/div>\n\t\t\t\t\t<\/div>\n\t\t<\/div>\n\t\t\t\t\t<\/div>\n\t\t<\/section>\n\t\t\t\t<section class=\"elementor-section elementor-top-section elementor-element elementor-element-6a72184 elementor-section-boxed elementor-section-height-default elementor-section-height-default\" data-id=\"6a72184\" data-element_type=\"section\" data-e-type=\"section\">\n\t\t\t\t\t\t<div class=\"elementor-container elementor-column-gap-default\">\n\t\t\t\t\t<div class=\"elementor-column elementor-col-25 elementor-top-column elementor-element elementor-element-244b4d2\" data-id=\"244b4d2\" data-element_type=\"column\" data-e-type=\"column\">\n\t\t\t<div class=\"elementor-widget-wrap elementor-element-populated\">\n\t\t\t\t\t\t<div class=\"elementor-element elementor-element-18a463c elementor-widget elementor-widget-heading\" data-id=\"18a463c\" data-element_type=\"widget\" data-e-type=\"widget\" data-widget_type=\"heading.default\">\n\t\t\t\t<div class=\"elementor-widget-container\">\n\t\t\t\t\t<h2 class=\"elementor-heading-title elementor-size-medium\">Inmobiliaria Cas Concos<\/h2>\t\t\t\t<\/div>\n\t\t\t\t<\/div>\n\t\t\t\t\t<\/div>\n\t\t<\/div>\n\t\t\t\t<div class=\"elementor-column elementor-col-25 elementor-top-column elementor-element elementor-element-29e566c\" data-id=\"29e566c\" data-element_type=\"column\" data-e-type=\"column\">\n\t\t\t<div class=\"elementor-widget-wrap elementor-element-populated\">\n\t\t\t\t\t\t<div class=\"elementor-element elementor-element-83e868f elementor-widget elementor-widget-heading\" data-id=\"83e868f\" data-element_type=\"widget\" data-e-type=\"widget\" data-widget_type=\"heading.default\">\n\t\t\t\t<div class=\"elementor-widget-container\">\n\t\t\t\t\t<h4 class=\"elementor-heading-title elementor-size-small\">Mallorca Inversi\u00f3n<\/h4>\t\t\t\t<\/div>\n\t\t\t\t<\/div>\n\t\t\t\t\t<\/div>\n\t\t<\/div>\n\t\t\t\t<div class=\"elementor-column elementor-col-25 elementor-top-column elementor-element elementor-element-1a93022\" data-id=\"1a93022\" data-element_type=\"column\" data-e-type=\"column\">\n\t\t\t<div class=\"elementor-widget-wrap elementor-element-populated\">\n\t\t\t\t\t\t<div class=\"elementor-element elementor-element-70049f8 elementor-widget elementor-widget-heading\" data-id=\"70049f8\" data-element_type=\"widget\" data-e-type=\"widget\" data-widget_type=\"heading.default\">\n\t\t\t\t<div class=\"elementor-widget-container\">\n\t\t\t\t\t<h5 class=\"elementor-heading-title elementor-size-medium\">Mejores propiedades Mallorca<\/h5>\t\t\t\t<\/div>\n\t\t\t\t<\/div>\n\t\t\t\t\t<\/div>\n\t\t<\/div>\n\t\t\t\t<div class=\"elementor-column elementor-col-25 elementor-top-column elementor-element elementor-element-e736b1a\" data-id=\"e736b1a\" data-element_type=\"column\" data-e-type=\"column\">\n\t\t\t<div class=\"elementor-widget-wrap elementor-element-populated\">\n\t\t\t\t\t\t<div class=\"elementor-element elementor-element-324b8d5 elementor-widget elementor-widget-heading\" data-id=\"324b8d5\" data-element_type=\"widget\" data-e-type=\"widget\" data-widget_type=\"heading.default\">\n\t\t\t\t<div class=\"elementor-widget-container\">\n\t\t\t\t\t<h4 class=\"elementor-heading-title elementor-size-small\">Inmobiliaria Cas Concos<\/h4>\t\t\t\t<\/div>\n\t\t\t\t<\/div>\n\t\t\t\t\t<\/div>\n\t\t<\/div>\n\t\t\t\t\t<\/div>\n\t\t<\/section>\n\t\t\t\t<\/div>\n\t\t","protected":false},"excerpt":{"rendered":"<p>CASCOS INMOBILIARIOS Lejos del turismo de masas, en el sureste de Mallorca, el peque\u00f1o y pintoresco pueblo de Cas Concos, de unos 870 habitantes, est\u00e1 enclavado en un paisaje natural de verdes colinas. Las rom\u00e1nticas bah\u00edas y playas de las inmediaciones te tientan a quedarte a so\u00f1ar. Los amables aldeanos y Los propietarios de las&#8230;<\/p>\n","protected":false},"author":1,"featured_media":0,"parent":0,"menu_order":0,"comment_status":"closed","ping_status":"closed","template":"templates\/properties.php","meta":{"footnotes":""},"class_list":["post-14643","page","type-page","status-publish","hentry"],"_links":{"self":[{"href":"https:\/\/www.lucasfroeserealestate.com\/es\/wp-json\/wp\/v2\/pages\/14643","targetHints":{"allow":["GET"]}}],"collection":[{"href":"https:\/\/www.lucasfroeserealestate.com\/es\/wp-json\/wp\/v2\/pages"}],"about":[{"href":"https:\/\/www.lucasfroeserealestate.com\/es\/wp-json\/wp\/v2\/types\/page"}],"author":[{"embeddable":true,"href":"https:\/\/www.lucasfroeserealestate.com\/es\/wp-json\/wp\/v2\/users\/1"}],"replies":[{"embeddable":true,"href":"https:\/\/www.lucasfroeserealestate.com\/es\/wp-json\/wp\/v2\/comments?post=14643"}],"version-history":[{"count":4,"href":"https:\/\/www.lucasfroeserealestate.com\/es\/wp-json\/wp\/v2\/pages\/14643\/revisions"}],"predecessor-version":[{"id":79445,"href":"https:\/\/www.lucasfroeserealestate.com\/es\/wp-json\/wp\/v2\/pages\/14643\/revisions\/79445"}],"wp:attachment":[{"href":"https:\/\/www.lucasfroeserealestate.com\/es\/wp-json\/wp\/v2\/media?parent=14643"}],"curies":[{"name":"wp","href":"https:\/\/api.w.org\/{rel}","templated":true}]}}

<div data-elementor-type="wp-page" data-elementor-id="14643" class="elementor elementor-14643 elementor-13154" data-elementor-post-type="page">
						<section class="elementor-section elementor-top-section elementor-element elementor-element-c9c1007 elementor-section-boxed elementor-section-height-default elementor-section-height-default" data-id="c9c1007" data-element_type="section" data-e-type="section">
						<div class="elementor-container elementor-column-gap-default">
					<div class="elementor-column elementor-col-100 elementor-top-column elementor-element elementor-element-33f7f74" data-id="33f7f74" data-element_type="column" data-e-type="column">
			<div class="elementor-widget-wrap elementor-element-populated">
						<div class="elementor-element elementor-element-a40e82b elementor-widget elementor-widget-text-editor" data-id="a40e82b" data-element_type="widget" data-e-type="widget" data-widget_type="text-editor.default">
				<div class="elementor-widget-container">
									<h1>CASCOS INMOBILIARIOS</h1><p class="p3"><span class="s1">Lejos <strong>del turismo de masas, en el sureste de</strong> Mallorca, el pequeño y pintoresco pueblo de Cas Concos, de unos 870 habitantes, está enclavado en un paisaje natural de verdes colinas. Las románticas bahías y playas de las inmediaciones te tientan a quedarte a soñar. Los amables aldeanos y<span class="Apple-converted-space">  </span>Los propietarios de las fincas de los alrededores se reúnen en bares y restaurantes para disfrutar de delicias culinarias, hacer sus compras diarias y charlar. El pueblo de Felanitx, con mercado, muchos bares y tiendas, está a 10 minutos, el campo de golf Vall d&#8217;Or o el puerto deportivo de Cala D&#8217;Or y el aeropuerto o la capital de la isla, Palma, se encuentran a unos 40 minutos.</span></p><h3>Cerca del mar: un placer para todos los sentidos</h3><p>La proximidad al mar hace especialmente atractivo Cas Concos, donde puedes sentir literalmente el estilo de vida mediterráneo a cada paso. A sólo 15-20 minutos hay pequeños puertos como Cala Figuera, donde coloridas barcas de pesca se mecen en suaves olas y el pescado fresco llega directamente del cúter a tu plato. Hay numerosas bahías alrededor de Cas Concos, desde vírgenes y tranquilas hasta animadas y concurridas.  </p>								</div>
				</div>
				<section class="elementor-section elementor-inner-section elementor-element elementor-element-2fd7419 elementor-section-boxed elementor-section-height-default elementor-section-height-default" data-id="2fd7419" data-element_type="section" data-e-type="section">
						<div class="elementor-container elementor-column-gap-default">
					<div class="elementor-column elementor-col-50 elementor-inner-column elementor-element elementor-element-045c4be" data-id="045c4be" data-element_type="column" data-e-type="column">
			<div class="elementor-widget-wrap elementor-element-populated">
						<div class="elementor-element elementor-element-622b1be elementor-widget elementor-widget-heading" data-id="622b1be" data-element_type="widget" data-e-type="widget" data-widget_type="heading.default">
				<div class="elementor-widget-container">
					<h2 class="elementor-heading-title elementor-size-default">La "Colina de Hamburgo</h2>				</div>
				</div>
				<div class="elementor-element elementor-element-f868cd0 elementor-widget elementor-widget-text-editor" data-id="f868cd0" data-element_type="widget" data-e-type="widget" data-widget_type="text-editor.default">
				<div class="elementor-widget-container">
									<p>La llamada «Colina de la Hamburguesa» se formó hace muchos años, con un asentamiento de grandes fincas de lujo entre Cas Concos, Alquería Blanca y Es Carritxo. Este crecimiento de la demanda de fincas de lujo en la zona ha impulsado el mercado de Cas Concos en particular, y también ha beneficiado a la economía y al sector de la restauración.</p>								</div>
				</div>
				<div class="elementor-element elementor-element-1a7fd0e elementor-widget elementor-widget-heading" data-id="1a7fd0e" data-element_type="widget" data-e-type="widget" data-widget_type="heading.default">
				<div class="elementor-widget-container">
					<h2 class="elementor-heading-title elementor-size-default">Comprar una finca en Cas Concos</h2>				</div>
				</div>
				<div class="elementor-element elementor-element-3fd3b24 elementor-widget elementor-widget-text-editor" data-id="3fd3b24" data-element_type="widget" data-e-type="widget" data-widget_type="text-editor.default">
				<div class="elementor-widget-container">
									<p>Las fincas son especialmente populares en esta zona debido a la ya mencionada «Colina de Hamburgo», que ofrece muchas hermosas fincas antiguas renovadas y modernas de nueva construcción.</p>								</div>
				</div>
					</div>
		</div>
				<div class="elementor-column elementor-col-50 elementor-inner-column elementor-element elementor-element-6300fd4" data-id="6300fd4" data-element_type="column" data-e-type="column">
			<div class="elementor-widget-wrap elementor-element-populated">
						<div class="elementor-element elementor-element-fb338cc elementor-widget elementor-widget-heading" data-id="fb338cc" data-element_type="widget" data-e-type="widget" data-widget_type="heading.default">
				<div class="elementor-widget-container">
					<h3 class="elementor-heading-title elementor-size-default">La historia de Cas Concos</h3>				</div>
				</div>
				<div class="elementor-element elementor-element-4547c70 elementor-widget elementor-widget-text-editor" data-id="4547c70" data-element_type="widget" data-e-type="widget" data-widget_type="text-editor.default">
				<div class="elementor-widget-container">
									<p>La comarca y su nombre tienen su origen en una «Posesión» (gran finca mallorquina) de la familia Obrador Conco en el siglo XVI. Las primeras casas se construyeron a su alrededor en 1722, y la iglesia en 1867.</p>								</div>
				</div>
				<div class="elementor-element elementor-element-293fceb elementor-widget elementor-widget-heading" data-id="293fceb" data-element_type="widget" data-e-type="widget" data-widget_type="heading.default">
				<div class="elementor-widget-container">
					<h2 class="elementor-heading-title elementor-size-default">Comprar propiedad en Cas Concos</h2>				</div>
				</div>
				<div class="elementor-element elementor-element-074b18a elementor-widget elementor-widget-text-editor" data-id="074b18a" data-element_type="widget" data-e-type="widget" data-widget_type="text-editor.default">
				<div class="elementor-widget-container">
									<p>Si buscas la finca o propiedad de tus sueños en Cas Concos, estaremos encantados de ayudarte. Estamos bien integrados en la escena mallorquina y tenemos <strong>una o dos ofertas fuera de</strong> mercado que de otro modo no se encontrarían en el mercado inmobiliario de Mallorca.  </p><p><strong>Lucas Froese Real</strong> Estate te ayuda con la compra de tu casa en Mallorca, ¡con un <strong>equipo multilingüe, profesional y dinámico!</strong></p>								</div>
				</div>
					</div>
		</div>
					</div>
		</section>
				<div class="elementor-element elementor-element-1469483 elementor-widget elementor-widget-html" data-id="1469483" data-element_type="widget" data-e-type="widget" data-widget_type="html.default">
				<div class="elementor-widget-container">
					<iframe src="https://www.google.com/maps/embed?pb=!1m18!1m12!1m3!1d98632.91192718358!2d3.0676772452932637!3d39.41782637360446!2m3!1f0!2f0!3f0!3m2!1i1024!2i768!4f13.1!3m3!1m2!1s0x129652f602c1fe0d%3A0x824ce0e14c9b8dc0!2s07208%20Cas%20Concos%20des%20Cavaller%2C%20Islas%20Baleares!5e0!3m2!1ses!2ses!4v1583483586243!5m2!1ses!2ses" width="600" height="250" frameborder="0" style="border:0;" allowfullscreen=""></iframe>				</div>
				</div>
					</div>
		</div>
					</div>
		</section>
				<section class="elementor-section elementor-top-section elementor-element elementor-element-6a72184 elementor-section-boxed elementor-section-height-default elementor-section-height-default" data-id="6a72184" data-element_type="section" data-e-type="section">
						<div class="elementor-container elementor-column-gap-default">
					<div class="elementor-column elementor-col-25 elementor-top-column elementor-element elementor-element-244b4d2" data-id="244b4d2" data-element_type="column" data-e-type="column">
			<div class="elementor-widget-wrap elementor-element-populated">
						<div class="elementor-element elementor-element-18a463c elementor-widget elementor-widget-heading" data-id="18a463c" data-element_type="widget" data-e-type="widget" data-widget_type="heading.default">
				<div class="elementor-widget-container">
					<h2 class="elementor-heading-title elementor-size-medium">Inmobiliaria Cas Concos</h2>				</div>
				</div>
					</div>
		</div>
				<div class="elementor-column elementor-col-25 elementor-top-column elementor-element elementor-element-29e566c" data-id="29e566c" data-element_type="column" data-e-type="column">
			<div class="elementor-widget-wrap elementor-element-populated">
						<div class="elementor-element elementor-element-83e868f elementor-widget elementor-widget-heading" data-id="83e868f" data-element_type="widget" data-e-type="widget" data-widget_type="heading.default">
				<div class="elementor-widget-container">
					<h4 class="elementor-heading-title elementor-size-small">Mallorca Inversión</h4>				</div>
				</div>
					</div>
		</div>
				<div class="elementor-column elementor-col-25 elementor-top-column elementor-element elementor-element-1a93022" data-id="1a93022" data-element_type="column" data-e-type="column">
			<div class="elementor-widget-wrap elementor-element-populated">
						<div class="elementor-element elementor-element-70049f8 elementor-widget elementor-widget-heading" data-id="70049f8" data-element_type="widget" data-e-type="widget" data-widget_type="heading.default">
				<div class="elementor-widget-container">
					<h5 class="elementor-heading-title elementor-size-medium">Mejores propiedades Mallorca</h5>				</div>
				</div>
					</div>
		</div>
				<div class="elementor-column elementor-col-25 elementor-top-column elementor-element elementor-element-e736b1a" data-id="e736b1a" data-element_type="column" data-e-type="column">
			<div class="elementor-widget-wrap elementor-element-populated">
						<div class="elementor-element elementor-element-324b8d5 elementor-widget elementor-widget-heading" data-id="324b8d5" data-element_type="widget" data-e-type="widget" data-widget_type="heading.default">
				<div class="elementor-widget-container">
					<h4 class="elementor-heading-title elementor-size-small">Inmobiliaria Cas Concos</h4>				</div>
				</div>
					</div>
		</div>
					</div>
		</section>
				</div>

<p>CASCOS INMOBILIARIOS Lejos del turismo de masas, en el sureste de Mallorca, el pequeño y pintoresco pueblo de Cas Concos, de unos 870 habitantes, está enclavado en un paisaje natural de verdes colinas. Las románticas bahías y playas de las inmediaciones te tientan a quedarte a soñar. Los amables aldeanos y Los propietarios de las&#8230;</p>
