{"id":67436,"date":"2025-05-06T14:01:34","date_gmt":"2025-05-06T12:01:34","guid":{"rendered":"https:\/\/www.lucasfroeserealestate.com\/immobilien\/local-comercial-en-una-concurrida-zona-peatonal-de-portocolom\/"},"modified":"2025-05-08T10:13:49","modified_gmt":"2025-05-08T08:13:49","slug":"local-comercial-en-una-concurrida-zona-peatonal-de-portocolom","status":"publish","type":"property","link":"https:\/\/www.lucasfroeserealestate.com\/es\/immobilien\/local-comercial-en-una-concurrida-zona-peatonal-de-portocolom\/","title":{"rendered":"Local comercial en un lugar muy frecuentado de Portocolom"},"content":{"rendered":"<p class=\"\" data-start=\"142\" data-end=\"463\">Oportunidad \u00fanica para empresarios o inversores:<\/p>\n<p class=\"\" data-start=\"142\" data-end=\"463\">Se vende un local comercial con excelente visibilidad en una de las zonas m\u00e1s animadas y concurridas de Portocolom.<br data-start=\"347\" data-end=\"350\" \/>El local est\u00e1 actualmente alquilado y se utiliza activamente - ideal para cualquier modelo de negocio orientado al p\u00fablico.<\/p>\n<p class=\"\" data-start=\"465\" data-end=\"602\">Ubicaci\u00f3n superior (m\u00e1s informaci\u00f3n s\u00f3lo en contacto directo)<br data-start=\"522\" data-end=\"525\" \/>Superficie \u00fatil aprox. 100 m\u00b2<br data-start=\"546\" data-end=\"549\" \/>Funcionamiento en curso (detalles s\u00f3lo bajo confidencialidad)<\/p>\n<p class=\"\" data-start=\"604\" data-end=\"708\">M\u00e1s informaci\u00f3n en caso de inter\u00e9s serio y tras firmar un acuerdo de confidencialidad.<\/p>\n","protected":false},"excerpt":{"rendered":"<p>Oportunidad \u00fanica para empresarios o inversores: Se vende un local comercial con excelente visibilidad en una de las zonas m\u00e1s animadas y concurridas de Portocolom.El local est\u00e1 actualmente alquilado y se utiliza activamente - ideal para cualquier modelo de negocio orientado al p\u00fablico. Ubicaci\u00f3n superior (m\u00e1s informaci\u00f3n s\u00f3lo en contacto directo)Superficie \u00fatil aprox. 100 m\u00b2Funcionamiento&#8230;<\/p>\n","protected":false},"author":8,"featured_media":67433,"parent":0,"menu_order":0,"comment_status":"closed","ping_status":"closed","template":"","immobilien-austattung":[4229,4232,2138,138,4498,137,3701,1506,109,98],"immobilien-typ":[84],"immobilien-ortschaft":[121],"immobilien-status":[31],"class_list":["post-67436","property","type-property","status-publish","has-post-thumbnail","hentry","property-feature-adaptado-para-uso-en-silla-de-ruedas","property-feature-bomba-de-calor","property-feature-energiezertifikat-in-bearbeitung-es","property-feature-standard-es","property-feature-inversion","property-feature-investitionsimmobilie-es","property-feature-planta-baja","property-feature-keller-es","property-feature-terrasse-es","property-feature-abstellraum-es","property-type-localescomerciales","property-city-portocolom-es","property-status-zum-verkaufen"],"property_meta":{"REAL_HOMES_property_price":"322000","REAL_HOMES_property_old_price":"","REAL_HOMES_property_price_prefix":"","REAL_HOMES_property_price_postfix":"","REAL_HOMES_property_size":"100","REAL_HOMES_property_size_postfix":"","REAL_HOMES_property_lot_size":"","REAL_HOMES_property_lot_size_postfix":"","REAL_HOMES_property_bedrooms":"","REAL_HOMES_property_bathrooms":"2","REAL_HOMES_property_garage":"","REAL_HOMES_property_id":"LF0769","REAL_HOMES_property_year_built":"","rvr_property_owner":"","REAL_HOMES_featured":"","REAL_HOMES_additional_details_list":[],"REAL_HOMES_property_location":{"latitude":"39.414382968075","longitude":"3.2601133095821","zoom":"16"},"REAL_HOMES_property_address":"Portocolom","REAL_HOMES_property_map":"0","REAL_HOMES_property_images":[{"width":150,"height":150,"file":"2025\/05\/Portocolom-felanitx-1024x683-copia.jpg","filesize":340347,"sizes":{"medium":{"file":"Portocolom-felanitx-1024x683-copia-300x200.jpg","width":300,"height":200,"mime-type":"image\/jpeg","filesize":10582,"url":"https:\/\/www.lucasfroeserealestate.com\/wp-content\/uploads\/2025\/05\/Portocolom-felanitx-1024x683-copia-300x200.jpg"},"thumbnail":{"file":"Portocolom-felanitx-1024x683-copia-150x150.jpg","width":150,"height":150,"mime-type":"image\/jpeg","filesize":5033,"url":"https:\/\/www.lucasfroeserealestate.com\/wp-content\/uploads\/2025\/05\/Portocolom-felanitx-1024x683-copia-150x150.jpg"},"medium_large":{"file":"Portocolom-felanitx-1024x683-copia-768x512.jpg","width":768,"height":512,"mime-type":"image\/jpeg","filesize":45082,"url":"https:\/\/www.lucasfroeserealestate.com\/wp-content\/uploads\/2025\/05\/Portocolom-felanitx-1024x683-copia-768x512.jpg"},"post-thumbnail":{"file":"Portocolom-felanitx-1024x683-copia-150x100.jpg","width":150,"height":100,"mime-type":"image\/jpeg","filesize":3649,"url":"https:\/\/www.lucasfroeserealestate.com\/wp-content\/uploads\/2025\/05\/Portocolom-felanitx-1024x683-copia-150x100.jpg"},"modern-property-child-slider":{"file":"Portocolom-felanitx-1024x683-copia-680x510.jpg","width":680,"height":510,"mime-type":"image\/jpeg","filesize":41285,"url":"https:\/\/www.lucasfroeserealestate.com\/wp-content\/uploads\/2025\/05\/Portocolom-felanitx-1024x683-copia-680x510.jpg"},"property-thumb-image":{"file":"Portocolom-felanitx-1024x683-copia-488x326.jpg","width":488,"height":326,"mime-type":"image\/jpeg","filesize":22218,"url":"https:\/\/www.lucasfroeserealestate.com\/wp-content\/uploads\/2025\/05\/Portocolom-felanitx-1024x683-copia-488x326.jpg"},"property-detail-video-image":{"file":"Portocolom-felanitx-1024x683-copia-818x417.jpg","width":818,"height":417,"mime-type":"image\/jpeg","filesize":44317,"url":"https:\/\/www.lucasfroeserealestate.com\/wp-content\/uploads\/2025\/05\/Portocolom-felanitx-1024x683-copia-818x417.jpg"},"agent-image":{"file":"Portocolom-felanitx-1024x683-copia-210x210.jpg","width":210,"height":210,"mime-type":"image\/jpeg","filesize":8776,"url":"https:\/\/www.lucasfroeserealestate.com\/wp-content\/uploads\/2025\/05\/Portocolom-felanitx-1024x683-copia-210x210.jpg"},"partners-logo":{"file":"Portocolom-felanitx-1024x683-copia-600x683.jpg","width":600,"height":683,"mime-type":"image\/jpeg","filesize":51931,"url":"https:\/\/www.lucasfroeserealestate.com\/wp-content\/uploads\/2025\/05\/Portocolom-felanitx-1024x683-copia-600x683.jpg"}},"image_meta":{"aperture":"0","credit":"","camera":"","caption":"Gesch\u00e4ftslokal Investment Portoclom","created_timestamp":"0","copyright":"","focal_length":"0","iso":"0","shutter_speed":"0","title":"Gesch\u00e4ftslokal Investment Portoclom","orientation":"1","keywords":["Gesch\u00e4ftslokal Investment Portoclom"]},"ID":"67433","name":"Portocolom-felanitx-1024x683-copia.jpg","path":"\/home\/empleost\/domains\/lucasfroeserealestate.com\/public_html\/wp-content\/uploads\/2025\/05\/Portocolom-felanitx-1024x683-copia.jpg","url":"https:\/\/www.lucasfroeserealestate.com\/wp-content\/uploads\/2025\/05\/Portocolom-felanitx-1024x683-copia-150x150.jpg","full_url":"https:\/\/www.lucasfroeserealestate.com\/wp-content\/uploads\/2025\/05\/Portocolom-felanitx-1024x683-copia.jpg","title":"Gesch\u00e4ftslokal Investment Portoclom","caption":"Gesch\u00e4ftslokal Investment Portoclom","description":"","alt":"Gesch\u00e4ftslokal Investment Portoclom","srcset":"https:\/\/www.lucasfroeserealestate.com\/wp-content\/uploads\/2025\/05\/Portocolom-felanitx-1024x683-copia-150x150.jpg 150w, https:\/\/www.lucasfroeserealestate.com\/wp-content\/uploads\/2025\/05\/Portocolom-felanitx-1024x683-copia-210x210.jpg 210w"}],"REAL_HOMES_change_gallery_slider_type":"0","REAL_HOMES_gallery_slider_type":"thumb-on-right","inspiry_floor_plans":[],"inspiry_video_group":[],"REAL_HOMES_360_virtual_tour":"","REAL_HOMES_agent_display_option":"agent_info","REAL_HOMES_agents":["6675"],"REAL_HOMES_energy_class":"D","REAL_HOMES_energy_performance":"In process...","REAL_HOMES_epc_current_rating":"","REAL_HOMES_epc_potential_rating":"","ere_property_schedule_tour":"global","ere_property_schedule_time_slots":"","ere_property_schedule_description":"","REAL_HOMES_sticky":"0","inspiry_property_label":"","inspiry_property_label_color":"","inspiry_property_tax":"","inspiry_additional_fee":"","REAL_HOMES_attachments":[],"inspiry_property_owner_name":"","inspiry_property_owner_contact":"","inspiry_property_owner_address":"","REAL_HOMES_property_private_note":"","inspiry_message_to_reviewer":"","REAL_HOMES_add_in_slider":"no","REAL_HOMES_slider_image":[],"REAL_HOMES_page_banner_image":[],"REAL_HOMES_hide_property_advance_search":"0","inspiry_ausrichtung":"","inspiry_strasse":"","inspiry_hausnummer":"","inspiry_plz":"","inspiry_ort":"","inspiry_land":"","inspiry_new-build":"","inspiry_kyero_prime_activator":[],"inspiry_kyero_xml_format":[],"inspiry_openimmo_xml_format":[],"inspiry_idealista_xml_format":[],"inspiry_etagen":"","inspiry_etage_(wo_sich_die_wohnung_befindet,_sonst_0)":"","inspiry_gesamtfl\u00e4che\/bebaute_fl\u00e4che_(mehr_als_wohnfl\u00e4che*)":"","inspiry_anzahl_zimmer_sz_esszimmer_wohnzimmer_hobby_zimmer_usw":"","inspiry_anzahl_terrassen":"","inspiry_anzahl_wohneinheiten":"","inspiry_google_maps_link":"","inspiry_google_drive_link":"","inspiry_location_coordinates_gm":"","inspiry_erhaltungszustand_der_immobilie":"","inspiry_heizungsart":"","inspiry_qualit\u00e4t_der_ausstattung":"","inspiry_kauf\/miete":"","inspiry_kategorie":"","inspiry_typ":"","inspiry_art":"","inspiry_land_type_(only_plots)":"","inspiry_listed_by":"","inspiry_comission_(%)":"","inspiry_lage_beschreibung":"","inspiry_austattung_beschreibung":"","inspiry_bodenbelag":"","inspiry_distanz_zum_flughafen_(min)":"","inspiry_auftragsart":"","inspiry_keys":[],"inspiry_preis_pro_m2":"","inspiry_office_listed":"","inspiry_suchkriterien_extras":[],"REAL_HOMES_custom_header_display":"default","REAL_HOMES_custom_header_position":"relative","REAL_HOMES_custom_footer_display":"default","REAL_HOMES_hide_advance_search":"0","REAL_HOMES_custom_search_form":"default","REAL_HOMES_search_form_margin_top":"","REAL_HOMES_search_form_margin_bottom":""},"_links":{"self":[{"href":"https:\/\/www.lucasfroeserealestate.com\/es\/wp-json\/wp\/v2\/immobilien\/67436","targetHints":{"allow":["GET"]}}],"collection":[{"href":"https:\/\/www.lucasfroeserealestate.com\/es\/wp-json\/wp\/v2\/immobilien"}],"about":[{"href":"https:\/\/www.lucasfroeserealestate.com\/es\/wp-json\/wp\/v2\/types\/property"}],"author":[{"embeddable":true,"href":"https:\/\/www.lucasfroeserealestate.com\/es\/wp-json\/wp\/v2\/users\/8"}],"replies":[{"embeddable":true,"href":"https:\/\/www.lucasfroeserealestate.com\/es\/wp-json\/wp\/v2\/comments?post=67436"}],"version-history":[{"count":0,"href":"https:\/\/www.lucasfroeserealestate.com\/es\/wp-json\/wp\/v2\/immobilien\/67436\/revisions"}],"wp:featuredmedia":[{"embeddable":true,"href":"https:\/\/www.lucasfroeserealestate.com\/es\/wp-json\/wp\/v2\/media\/67433"}],"wp:attachment":[{"href":"https:\/\/www.lucasfroeserealestate.com\/es\/wp-json\/wp\/v2\/media?parent=67436"}],"wp:term":[{"taxonomy":"property-feature","embeddable":true,"href":"https:\/\/www.lucasfroeserealestate.com\/es\/wp-json\/wp\/v2\/immobilien-austattung?post=67436"},{"taxonomy":"property-type","embeddable":true,"href":"https:\/\/www.lucasfroeserealestate.com\/es\/wp-json\/wp\/v2\/immobilien-typ?post=67436"},{"taxonomy":"property-city","embeddable":true,"href":"https:\/\/www.lucasfroeserealestate.com\/es\/wp-json\/wp\/v2\/immobilien-ortschaft?post=67436"},{"taxonomy":"property-status","embeddable":true,"href":"https:\/\/www.lucasfroeserealestate.com\/es\/wp-json\/wp\/v2\/immobilien-status?post=67436"}],"curies":[{"name":"wp","href":"https:\/\/api.w.org\/{rel}","templated":true}]}}

<p class="" data-start="142" data-end="463">Oportunidad única para empresarios o inversores:</p>
<p class="" data-start="142" data-end="463">Se vende un local comercial con excelente visibilidad en una de las zonas más animadas y concurridas de Portocolom.<br data-start="347" data-end="350" />El local está actualmente alquilado y se utiliza activamente - ideal para cualquier modelo de negocio orientado al público.</p>
<p class="" data-start="465" data-end="602">Ubicación superior (más información sólo en contacto directo)<br data-start="522" data-end="525" />Superficie útil aprox. 100 m²<br data-start="546" data-end="549" />Funcionamiento en curso (detalles sólo bajo confidencialidad)</p>
<p class="" data-start="604" data-end="708">Más información en caso de interés serio y tras firmar un acuerdo de confidencialidad.</p>

<p>Oportunidad única para empresarios o inversores: Se vende un local comercial con excelente visibilidad en una de las zonas más animadas y concurridas de Portocolom.El local está actualmente alquilado y se utiliza activamente - ideal para cualquier modelo de negocio orientado al público. Ubicación superior (más información sólo en contacto directo)Superficie útil aprox. 100 m²Funcionamiento&#8230;</p>

Geschäftslokal Investment Portoclom
