{"id":67435,"date":"2025-05-06T14:01:34","date_gmt":"2025-05-06T12:01:34","guid":{"rendered":"https:\/\/www.lucasfroeserealestate.com\/immobilien\/commercial-premises-in-a-busy-pedestrian-zone-in-portocolom\/"},"modified":"2025-05-06T14:24:02","modified_gmt":"2025-05-06T12:24:02","slug":"commercial-premises-in-a-busy-pedestrian-zone-in-portocolom","status":"publish","type":"property","link":"https:\/\/www.lucasfroeserealestate.com\/en\/immobilien\/commercial-premises-in-a-busy-pedestrian-zone-in-portocolom\/","title":{"rendered":"Commercial space in a highly frequented location in Portocolom"},"content":{"rendered":"<p class=\"\" data-start=\"142\" data-end=\"463\">Unique opportunity for entrepreneurs or investors:<\/p>\n<p class=\"\" data-start=\"142\" data-end=\"463\">For sale is a commercial space with excellent visibility in one of the liveliest and busiest areas of Portocolom.<br data-start=\"347\" data-end=\"350\">The space is currently rented and actively used &#8211; ideal for any public-oriented business model.<\/p>\n<p class=\"\" data-start=\"465\" data-end=\"602\">Top location (further information only on direct contact)<br data-start=\"522\" data-end=\"525\">Usable space approx. 100 m\u00b2<br data-start=\"546\" data-end=\"549\">Ongoing operation (details only under confidentiality)<\/p>\n<p class=\"\" data-start=\"604\" data-end=\"708\">Further information in case of serious interest and after signing a confidentiality agreement.<\/p>\n","protected":false},"excerpt":{"rendered":"<p>Unique opportunity for entrepreneurs or investors: For sale is a commercial space with excellent visibility in one of the liveliest and busiest areas of Portocolom.The space is currently rented and actively used &#8211; ideal for any public-oriented business model. Top location (further information only on direct contact)Usable space approx. 100 m\u00b2Ongoing operation (details only under&#8230;<\/p>\n","protected":false},"author":8,"featured_media":67432,"parent":0,"menu_order":0,"comment_status":"closed","ping_status":"closed","template":"","immobilien-austattung":[1521,2142,3702,4231,4499,162,175,164,157,4230],"immobilien-typ":[182],"immobilien-ortschaft":[184],"immobilien-status":[31],"class_list":["post-67435","property","type-property","status-publish","has-post-thumbnail","hentry","property-feature-keller-en","property-feature-energiezertifikat-in-bearbeitung-en","property-feature-ground-floor","property-feature-heat-pump","property-feature-investment-en","property-feature-investitionsimmobilie-en","property-feature-standard-en","property-feature-abstellraum-en","property-feature-terrasse-en","property-feature-wheelchair-user-friendly","property-type-comercialproperty","property-city-portocolom-en","property-status-zum-verkaufen"],"property_meta":{"REAL_HOMES_property_price":"322000","REAL_HOMES_property_old_price":"","REAL_HOMES_property_price_prefix":"","REAL_HOMES_property_price_postfix":"","REAL_HOMES_property_size":"100","REAL_HOMES_property_size_postfix":"","REAL_HOMES_property_lot_size":"","REAL_HOMES_property_lot_size_postfix":"","REAL_HOMES_property_bedrooms":"","REAL_HOMES_property_bathrooms":"2","REAL_HOMES_property_garage":"","REAL_HOMES_property_id":"LF0769","REAL_HOMES_property_year_built":"","rvr_property_owner":"","REAL_HOMES_featured":"","REAL_HOMES_additional_details_list":[],"REAL_HOMES_property_location":{"latitude":"39.414382968075","longitude":"3.2601133095821","zoom":"16"},"REAL_HOMES_property_address":"Portocolom","REAL_HOMES_property_map":"0","REAL_HOMES_property_images":[{"width":150,"height":150,"file":"2025\/05\/Portocolom-felanitx-1024x683-copia.jpg","filesize":340347,"sizes":{"medium":{"file":"Portocolom-felanitx-1024x683-copia-300x200.jpg","width":300,"height":200,"mime-type":"image\/jpeg","filesize":10582,"url":"https:\/\/www.lucasfroeserealestate.com\/wp-content\/uploads\/2025\/05\/Portocolom-felanitx-1024x683-copia-300x200.jpg"},"thumbnail":{"file":"Portocolom-felanitx-1024x683-copia-150x150.jpg","width":150,"height":150,"mime-type":"image\/jpeg","filesize":5033,"url":"https:\/\/www.lucasfroeserealestate.com\/wp-content\/uploads\/2025\/05\/Portocolom-felanitx-1024x683-copia-150x150.jpg"},"medium_large":{"file":"Portocolom-felanitx-1024x683-copia-768x512.jpg","width":768,"height":512,"mime-type":"image\/jpeg","filesize":45082,"url":"https:\/\/www.lucasfroeserealestate.com\/wp-content\/uploads\/2025\/05\/Portocolom-felanitx-1024x683-copia-768x512.jpg"},"post-thumbnail":{"file":"Portocolom-felanitx-1024x683-copia-150x100.jpg","width":150,"height":100,"mime-type":"image\/jpeg","filesize":3649,"url":"https:\/\/www.lucasfroeserealestate.com\/wp-content\/uploads\/2025\/05\/Portocolom-felanitx-1024x683-copia-150x100.jpg"},"modern-property-child-slider":{"file":"Portocolom-felanitx-1024x683-copia-680x510.jpg","width":680,"height":510,"mime-type":"image\/jpeg","filesize":41285,"url":"https:\/\/www.lucasfroeserealestate.com\/wp-content\/uploads\/2025\/05\/Portocolom-felanitx-1024x683-copia-680x510.jpg"},"property-thumb-image":{"file":"Portocolom-felanitx-1024x683-copia-488x326.jpg","width":488,"height":326,"mime-type":"image\/jpeg","filesize":22218,"url":"https:\/\/www.lucasfroeserealestate.com\/wp-content\/uploads\/2025\/05\/Portocolom-felanitx-1024x683-copia-488x326.jpg"},"property-detail-video-image":{"file":"Portocolom-felanitx-1024x683-copia-818x417.jpg","width":818,"height":417,"mime-type":"image\/jpeg","filesize":44317,"url":"https:\/\/www.lucasfroeserealestate.com\/wp-content\/uploads\/2025\/05\/Portocolom-felanitx-1024x683-copia-818x417.jpg"},"agent-image":{"file":"Portocolom-felanitx-1024x683-copia-210x210.jpg","width":210,"height":210,"mime-type":"image\/jpeg","filesize":8776,"url":"https:\/\/www.lucasfroeserealestate.com\/wp-content\/uploads\/2025\/05\/Portocolom-felanitx-1024x683-copia-210x210.jpg"},"partners-logo":{"file":"Portocolom-felanitx-1024x683-copia-600x683.jpg","width":600,"height":683,"mime-type":"image\/jpeg","filesize":51931,"url":"https:\/\/www.lucasfroeserealestate.com\/wp-content\/uploads\/2025\/05\/Portocolom-felanitx-1024x683-copia-600x683.jpg"}},"image_meta":{"aperture":"0","credit":"","camera":"","caption":"Gesch\u00e4ftslokal Investment Portoclom","created_timestamp":"0","copyright":"","focal_length":"0","iso":"0","shutter_speed":"0","title":"Gesch\u00e4ftslokal Investment Portoclom","orientation":"1","keywords":["Gesch\u00e4ftslokal Investment Portoclom"]},"ID":"67432","name":"Portocolom-felanitx-1024x683-copia.jpg","path":"\/home\/empleost\/domains\/lucasfroeserealestate.com\/public_html\/wp-content\/uploads\/2025\/05\/Portocolom-felanitx-1024x683-copia.jpg","url":"https:\/\/www.lucasfroeserealestate.com\/wp-content\/uploads\/2025\/05\/Portocolom-felanitx-1024x683-copia-150x150.jpg","full_url":"https:\/\/www.lucasfroeserealestate.com\/wp-content\/uploads\/2025\/05\/Portocolom-felanitx-1024x683-copia.jpg","title":"Gesch\u00e4ftslokal Investment Portoclom","caption":"Gesch\u00e4ftslokal Investment Portoclom","description":"","alt":"Gesch\u00e4ftslokal Investment Portoclom","srcset":"https:\/\/www.lucasfroeserealestate.com\/wp-content\/uploads\/2025\/05\/Portocolom-felanitx-1024x683-copia-150x150.jpg 150w, https:\/\/www.lucasfroeserealestate.com\/wp-content\/uploads\/2025\/05\/Portocolom-felanitx-1024x683-copia-210x210.jpg 210w"}],"REAL_HOMES_change_gallery_slider_type":"","REAL_HOMES_gallery_slider_type":"thumb-on-right","inspiry_floor_plans":[],"inspiry_video_group":[],"REAL_HOMES_360_virtual_tour":"","REAL_HOMES_agent_display_option":"agent_info","REAL_HOMES_agents":["6675"],"REAL_HOMES_energy_class":"D","REAL_HOMES_energy_performance":"In process...","REAL_HOMES_epc_current_rating":"","REAL_HOMES_epc_potential_rating":"","ere_property_schedule_tour":"","ere_property_schedule_time_slots":"","ere_property_schedule_description":"","REAL_HOMES_sticky":"","inspiry_property_label":"","inspiry_property_label_color":"","inspiry_property_tax":"","inspiry_additional_fee":"","REAL_HOMES_attachments":[],"inspiry_property_owner_name":"","inspiry_property_owner_contact":"","inspiry_property_owner_address":"","REAL_HOMES_property_private_note":"","inspiry_message_to_reviewer":"","REAL_HOMES_add_in_slider":"no","REAL_HOMES_slider_image":[],"REAL_HOMES_page_banner_image":[],"REAL_HOMES_hide_property_advance_search":"","inspiry_ausrichtung":"","inspiry_strasse":"","inspiry_hausnummer":"","inspiry_plz":"","inspiry_ort":"","inspiry_land":"","inspiry_new-build":"","inspiry_kyero_prime_activator":[],"inspiry_kyero_xml_format":[],"inspiry_openimmo_xml_format":[],"inspiry_idealista_xml_format":[],"inspiry_etagen":"","inspiry_etage_(wo_sich_die_wohnung_befindet,_sonst_0)":"","inspiry_gesamtfl\u00e4che\/bebaute_fl\u00e4che_(mehr_als_wohnfl\u00e4che*)":"","inspiry_anzahl_zimmer_sz_esszimmer_wohnzimmer_hobby_zimmer_usw":"","inspiry_anzahl_terrassen":"","inspiry_anzahl_wohneinheiten":"","inspiry_google_maps_link":"","inspiry_google_drive_link":"","inspiry_location_coordinates_gm":"","inspiry_erhaltungszustand_der_immobilie":"","inspiry_heizungsart":"","inspiry_qualit\u00e4t_der_ausstattung":"","inspiry_kauf\/miete":"","inspiry_kategorie":"","inspiry_typ":"","inspiry_art":"","inspiry_land_type_(only_plots)":"","inspiry_listed_by":"","inspiry_comission_(%)":"","inspiry_lage_beschreibung":"","inspiry_austattung_beschreibung":"","inspiry_bodenbelag":"","inspiry_distanz_zum_flughafen_(min)":"","inspiry_auftragsart":"","inspiry_keys":[],"inspiry_preis_pro_m2":"","inspiry_office_listed":"","inspiry_suchkriterien_extras":[],"REAL_HOMES_custom_header_display":"","REAL_HOMES_custom_header_position":"","REAL_HOMES_custom_footer_display":"","REAL_HOMES_hide_advance_search":"","REAL_HOMES_custom_search_form":"","REAL_HOMES_search_form_margin_top":"","REAL_HOMES_search_form_margin_bottom":""},"_links":{"self":[{"href":"https:\/\/www.lucasfroeserealestate.com\/en\/wp-json\/wp\/v2\/immobilien\/67435","targetHints":{"allow":["GET"]}}],"collection":[{"href":"https:\/\/www.lucasfroeserealestate.com\/en\/wp-json\/wp\/v2\/immobilien"}],"about":[{"href":"https:\/\/www.lucasfroeserealestate.com\/en\/wp-json\/wp\/v2\/types\/property"}],"author":[{"embeddable":true,"href":"https:\/\/www.lucasfroeserealestate.com\/en\/wp-json\/wp\/v2\/users\/8"}],"replies":[{"embeddable":true,"href":"https:\/\/www.lucasfroeserealestate.com\/en\/wp-json\/wp\/v2\/comments?post=67435"}],"version-history":[{"count":0,"href":"https:\/\/www.lucasfroeserealestate.com\/en\/wp-json\/wp\/v2\/immobilien\/67435\/revisions"}],"wp:featuredmedia":[{"embeddable":true,"href":"https:\/\/www.lucasfroeserealestate.com\/en\/wp-json\/wp\/v2\/media\/67432"}],"wp:attachment":[{"href":"https:\/\/www.lucasfroeserealestate.com\/en\/wp-json\/wp\/v2\/media?parent=67435"}],"wp:term":[{"taxonomy":"property-feature","embeddable":true,"href":"https:\/\/www.lucasfroeserealestate.com\/en\/wp-json\/wp\/v2\/immobilien-austattung?post=67435"},{"taxonomy":"property-type","embeddable":true,"href":"https:\/\/www.lucasfroeserealestate.com\/en\/wp-json\/wp\/v2\/immobilien-typ?post=67435"},{"taxonomy":"property-city","embeddable":true,"href":"https:\/\/www.lucasfroeserealestate.com\/en\/wp-json\/wp\/v2\/immobilien-ortschaft?post=67435"},{"taxonomy":"property-status","embeddable":true,"href":"https:\/\/www.lucasfroeserealestate.com\/en\/wp-json\/wp\/v2\/immobilien-status?post=67435"}],"curies":[{"name":"wp","href":"https:\/\/api.w.org\/{rel}","templated":true}]}}

Geschäftslokal Investment Portoclom
